*y + 40 = 5*n, y - 32 = -4*n. What is the greatest common factor of n and 284?
4
Let s be (-11 + -5)/((-4)/(-10)). Let g be (1 + -2)*(s - 2). Calculate the greatest common factor of g and 42.
42
Let a = 46 + -56. Let c(h) = 22*h + 50. Let u be c(a). Let o = -56 - u. Calculate the highest common divisor of o and 76.
38
Let n(f) = f**3 - f**2 + 23. Let b be n(0). Let v(i) = -i**2 + 18*i - 8. Let o be v(11). What is the greatest common factor of o and b?
23
Suppose 237*n - 40320 = -323*n. What is the highest common divisor of n and 6192?
72
Let y = 95 - 96. Let v(s) = -139*s + 11. Let g be v(y). Calculate the highest common divisor of g and 6.
6
Let v(l) be the first derivative of l**4/2 - 5*l**3/3 + l**2 - 3*l + 65. Let b be v(5). Calculate the highest common divisor of 12 and b.
12
Suppose 11*j - 4*j - 35 = 0. Suppose -m + 14 = 4*t, -t = -6*t - j*m + 25. Let q = 53 + t. Calculate the highest common factor of q and 7.
7
Suppose -13*j = -47*j + 4896. Let x = j + -124. What is the highest common divisor of x and 4?
4
Let g(j) = -j + 19. Let q be g(26). Let d be ((-10)/35)/(q/392). What is the greatest common factor of d and 4?
4
Let l be 1/(2728/(-550) + 5). What is the highest common divisor of l and 12725?
25
Let f be 0/(-1*3) - (17 + -21). Let l be -3*(-1 + (f - 5)). Let o = 46 - 28. Calculate the greatest common divisor of o and l.
6
Let d be (-58)/6*(-2 + -19). Let g be 1854/30 + (-1121)/295. What is the highest common divisor of d and g?
29
Suppose k - 4*l - 22 = 0, 0*k - k = 4*l - 14. Let w be -238 + 6 + 3/(3/(-1)). Let x = -35 - w. What is the greatest common divisor of k and x?
18
Let d(n) = 919*n - 256. Let l be d(4). What is the greatest common divisor of 133 and l?
19
Let t be 14 + -3 - (7 - 1). Suppose -5*g + t*s = -450, -g + 81 = 96*s - 94*s. What is the highest common divisor of g and 464?
29
Let u = -1489 + 1570. What is the greatest common factor of 2133 and u?
27
Suppose -205 = -471*h + 466*h. Let f = -545 + 832. What is the highest common divisor of f and h?
41
Let z = -10 - -11. Let d be (z + 2)/(60/3440). Let v = d + -116. What is the highest common divisor of v and 16?
8
Let i be 0 + (18 - (6 + -4)). Let g = 798 - 42. Suppose -17*m - 76 = -g. Calculate the highest common divisor of m and i.
8
Let k(b) = b**2 + 19*b + 69. Suppose g - 4*y + 10 = 0, -5*y + 7 = -4*g + 3*g. Let a be k(g). Calculate the highest common factor of 15 and a.
15
Suppose 2*m = 6*m - 5*i - 25, 5*m - i - 26 = 0. Suppose 1 = x - 2*k - 37, 5*k = m*x - 185. What is the highest common factor of x and 1152?
36
Suppose -166*l = 246*l - 206824. What is the highest common factor of 18 and l?
2
Suppose 6477 = -6*p - 14*p + 24417. What is the greatest common divisor of 345 and p?
69
Let v(t) = -10*t - 46. Let l be v(-5). Suppose -l*q + 381 = -503. Calculate the greatest common factor of q and 17.
17
Suppose 2280 = 42*g - 72*g. Let v = g + 375. What is the highest common divisor of 13 and v?
13
Let i = 148 - 72. Let d be -16*42/24*(-19 + 0). Calculate the greatest common factor of i and d.
76
Let q be -190 + 5 - ((-20)/(-4) + -2). Let p = -187 - q. What is the highest common divisor of p and 17?
1
Let w be (((-43)/(-774))/((-2)/(-657)))/((-2)/(-24)). Calculate the greatest common divisor of 99 and w.
3
Let v be (95/15*1)/(1/(-3)). Let g be (-278)/(-8) - (-1)/4. Let y = g + v. What is the greatest common divisor of y and 112?
16
Let c be 22/(-77) + 842/7. Suppose 7*d - c = -d. What is the greatest common divisor of 24 and d?
3
Let n be (3 + 132/(-28))/((-2)/(-14)). Let q(t) = -10*t + 199. Let i be q(n). Calculate the highest common factor of i and 29.
29
Let q = 153 - 66. Suppose -92*n = -q*n - 150. Calculate the greatest common divisor of n and 165.
15
Let h = -36 - -279. Let n = 379 - h. Let w = 5 + 3. Calculate the highest common divisor of w and n.
8
Let x(h) = -869*h + 6107. Let w be x(7). Calculate the greatest common factor of 18096 and w.
24
Let y(x) = -326*x - 2068. Let w be y(-18). Calculate the greatest common factor of 304 and w.
152
Let r be ((-10)/(-15))/(2/15). Let s be (42/5)/((-5)/(-300)). Suppose r*g + 4*g = s. What is the highest common divisor of 7 and g?
7
Let s(n) = -n**3 - 14*n**2 + n + 25. Let i be 624/(-44) - ((-20)/(-55))/(-2). Let p be s(i). What is the highest common factor of 143 and p?
11
Suppose -188*b + 326 + 312 = 262. Let t be (6/4)/((-2)/(-4)). Suppose 2*n - 13 = -t. What is the highest common factor of b and n?
1
Suppose 0 = -6*a + 13 + 11. Suppose -32 = -g + 5*f, -2*g + 16 - 22 = a*f. What is the highest common factor of g and 35?
7
Let l(p) be the first derivative of 71*p**3/3 - p**2/2 + 4*p - 203. Let z be l(2). What is the highest common divisor of 22 and z?
22
Suppose 77 = 17*j + 26. Suppose -4*a + j*k + 47 + 21 = 0, 4*k = -a + 36. What is the highest common divisor of a and 24?
4
Let h be -5 + -3 + (-3312)/(-18) + 12. What is the highest common factor of h and 2726?
94
Let h(s) = -36*s + 717. Let i be h(-46). What is the highest common factor of 21 and i?
21
Let n be (1190/45)/7 - (-8)/36. Suppose 1 = -m + n. Suppose -m*t + 60 - 42 = 0. Calculate the highest common factor of 30 and t.
6
Let k = 96 + 146. Let t = 277 - k. Let b = 25 + -18. Calculate the highest common factor of b and t.
7
Suppose 0 = 4*x - 1294 - 222. Let l = -251 + x. Calculate the greatest common divisor of l and 80.
16
Suppose -4*m - 3*g + 6*g = -456, -2*m = -3*g - 234. Suppose d + 79 = -3*o - 20, -5*d - m = 3*o. Let a = o - -46. What is the greatest common factor of a and 14?
14
Let l(p) = 6*p**2 - 153*p + 174. Let s be l(25). What is the greatest common divisor of 22671 and s?
99
Let y be (-819)/(-52) - 9/(-4). Let d(n) = 775*n**2 + 5*n - 6. Let c be d(1). Calculate the highest common factor of y and c.
18
Let q be (98/(-10))/((-7)/35). Let u = q + -23. Suppose 5*w + 7 = 2*m + 21, w + 4*m + 6 = 0. Calculate the highest common divisor of u and w.
2
Let u = 5229 + -5155. What is the highest common factor of 1665 and u?
37
Suppose -6*c = -3*c - 12. Let j be 3 + -4 + c - 3. Suppose j = 10*o - 1271 + 221. Calculate the highest common divisor of 21 and o.
21
Let g = 2 - 1. Let i(a) be the second derivative of 5*a**5/4 - a**2/2 + 3038*a. Let r be i(g). What is the highest common factor of r and 84?
12
Let s(p) = p**2 + 11*p + 24. Let t = -16 + 21. Let h be (-11)/(t*3/15). Let f be s(h). What is the greatest common factor of f and 96?
24
Let b be ((-53)/2)/(20/(-120)). Let r(q) = -q**3 + 22*q**2 + 5*q - 4. Let w be r(22). Calculate the greatest common divisor of b and w.
53
Let p(r) = r**2 - 258*r - 5530. Let b be p(-20). What is the highest common factor of 282 and b?
6
Let a = -752 - -747. Let s be 714/a*((-49)/14 + -4). What is the highest common factor of 63 and s?
63
Let h = 421 - 425. Let m be -5*h/40*44. What is the highest common factor of 66 and m?
22
Suppose 0 = -25*h + 23*h - 3*s + 1389, 0 = s - 3. What is the greatest common factor of h and 90?
30
Suppose -3*l - 2*f = -2, f = -5*l - 4*f. Suppose -1830 + 235 = -5*w - 5*j, 4*w - 1282 = l*j. Calculate the highest common divisor of w and 40.
40
Suppose 3*y = -2*g + 476, -4*y = -4*g - 159 - 489. Suppose -3*w - 562 = -4*f + 328, -4*f - 4*w = -904. What is the highest common factor of f and y?
32
Let p(o) = o**3 - 7*o**2 - 7*o - 1. Let l be p(8). Let r(q) = 4927*q + 34685. Let a be r(-7). What is the highest common factor of l and a?
7
Let p be (-3)/45 - ((-97)/2)/(360/624). Calculate the greatest common factor of 796 and p.
4
Suppose 224 + 672 = 32*i. Let w(o) = o**2 + 12*o + 22. Let g be w(-10). Let z be (g - -5)/(6/72). What is the greatest common factor of z and i?
28
Suppose 5*i = r - 603, 787 = 4*r + 5*i - 1500. What is the greatest common divisor of 119 and r?
17
Suppose 104*o - 576312 = -73*o. Calculate the greatest common divisor of 176 and o.
88
Let b be (-4 + 11)*(-6)/(-21). Suppose 0 = -5*k + 2*k - b*i, -5*k - 4*i = 0. Suppose 0 = -5*u - k*u + 55. Calculate the highest common divisor of u and 1.
1
Let s = -1190 - -2017. Suppose s + 169 = 2*i + 4*b, 2546 = 5*i - 4*b. Let l = i + -266. Calculate the greatest common factor of l and 40.
40
Suppose 0 = 4*g - 5*w - 92, -22 = 3*w - 10. Suppose -3*t + 6 = 0, 5*t = -2*r + 88 - 6. What is the greatest common factor of r and g?
18
Suppose 4*w = 16*w + 8